e -1 + 6 + -15 + 3 + 10.
3
Calculate (-23 - -53) + 3 + -17.
16
Evaluate 0 + -2 + 13 + -8 + 17.
20
Evaluate -17 - -2 - (3 - (-7 + 20 - 8)).
-13
3 + (3 - (-2 + 13 + -5 + -1))
1
What is the value of (-4 - -5) + -20 - -32?
13
What is -25 + 17 + (-6 - 1) + -2 - 2?
-19
Calculate 18 - (-12 + -2 + 23).
9
Evaluate 5 + 9 + -8 + 1 + (-7 - -1).
1
(0 - 17) + (-368 - -387)
2
What is the value of -14 + (5 - 1) + 17?
7
What is 17 + -1 + (-53 - -38)?
1
5 - ((-3 - -4) + -4 - 2)
10
4 + (6 - 16 - (5 - 1)) + 1
-9
What is (-21 - 1) + -50 + 55?
-17
0 + -7 - (14 - 11) - -5
-5
Calculate (-38 - -10) + 39 - 1.
10
-24 + 9 + -7 - -13
-9
What is (-1 - 8) + 1 + (-8 - 1)?
-17
11 - ((4 - -2) + -1 + 8)
-2
(-63 + 27 - -8) + 12
-16
Evaluate (-7 - 1) + 14 - (23 - 3).
-14
What is (-6 + (-7 - -6) - -5) + -12?
-14
What is 23 + -10 - -4 - 6?
11
Evaluate -27 + (9 - (4 - -4) - -8).
-18
Calculate -20 - ((-14 - -7) + 2 + 5).
-20
4 + 16 - -4 - 22
2
(12 - -1) + 25 + -35 + 1
4
(0 - 4) + (-1 - (-6 - 1))
2
Evaluate (-7 + (-6 - -5) - -5) + 18 - 5.
10
What is -5 - 1 - (-9 + 8 + -7 + 2)?
0
What is the value of -12 - (-4 + (-14 - -5 - -2) + 10)?
-11
Evaluate -14 - (-22 + -1) - 11.
-2
Evaluate 7 + -32 - (244 + -254).
-15
1 + 1 + -89 + 84
-3
Calculate -39 - (-46 + -22 - -25).
4
-4 + (3 - (-12 - -6 - -8)) + 5
2
-4 - ((-4 - -1) + 2 + 0)
-3
Evaluate -209 - -219 - (-9 + 0).
19
What is the value of 12 + -9 + (-29 - (-6 + -10))?
-10
Calculate (0 + 0 - (12 + -5 + 28)) + 5.
-30
Calculate (1 - 8) + (-12 + 6 + 10 - -25).
22
What is 9 + 0 + -1 + (35 - 42)?
1
Evaluate 8 + -53 + (22 - (4 + 9)).
-36
-2 - (-3 - 3) - (11 - (-17 + 21))
-3
Calculate (1618 - 1598) + (-2 - (-2 - -1)).
19
What is -2 - -12 - (-27 + 6 - -15)?
16
What is -4 + (-7 - (-13 - -8))?
-6
What is the value of 75 - (4 + -11 + 48)?
34
What is 19 + -20 + (2 - (4 + -13))?
10
Evaluate -17 - (6 + 5 + (-10 - 1) - 2).
-15
What is the value of 9 - (14 + (4 - 9))?
0
Evaluate -127 + 138 - (2 - 4).
13
Evaluate -102 + 102 - (9 + 7).
-16
Evaluate 8 - 2 - (-1 - -9).
-2
Calculate -4 + 21 - 12 - (7 + 4).
-6
-43 + 33 + 20 + (-22 - -11)
-1
What is -7 - (-13 + 4 + -1 - (-2 + -5))?
-4
What is the value of (-5 + 2 + 13 + -7 - -1) + -17?
-13
What is -2 + -9 + (4 + 15 - (-1 - 3))?
12
Evaluate 225 + -216 - (-1 + 13).
-3
Evaluate -1 - ((-1 - 10) + 3 + 5).
2
Evaluate (-20 - -13) + 12 + -2.
3
What is 6 + 7 + 1 + -2 + -74 + 48?
-14
Evaluate 9 - 19 - ((29 - 15) + 4).
-28
Calculate -2 + 0 + (-1 - -4) - (-191 + 180).
12
Evaluate -3 + 16 - (53 + -40).
0
5 + -14 + 2 + 13 + -30
-24
5 + -10 - (-41 + 0) - 14
22
(18 - (-1 + 3) - 56) + 9
-31
What is -14 - (10 + (-28 - 3))?
7
What is -19 + (-11 - 7) + 30?
-7
Calculate (38 - 23) + (-6 - 1) + -12 + 2.
-2
What is the value of -296 + 296 - (-2 + -3)?
5
-9 + (-1 + 8 - 4) - (-1 - -1)
-6
Evaluate -1 + (-1 - 47) - (-26 + 9).
-32
Calculate (-76 - (0 + -41)) + 1 + 0.
-34
(-25 + 17 + 24 - 9) + 23 + -2
28
Evaluate 1 + 2 + (7 + -14 - -9 - -15).
20
(528 - 513) + -12 + 1
4
Calculate 1 - -41 - 28 - (18 + 2).
-6
Evaluate -2 + -10 + 8 - 2 - -18.
12
What is 1278 + -1272 + (0 - 23 - 1)?
-18
What is the value of (5 - (-3 + 2)) + 437 + -452?
-9
Evaluate -2 + 1 - (-7 + (-9 - -2)).
13
Evaluate -2 + 11 - (5 + 14 + -13) - -16.
19
What is 27 + (-7 - (16 + 13))?
-9
Calculate -6 - -9 - (-15 - -17).
1
What is (-71 - -51) + 23 + -3?
0
Evaluate 6 - 0 - (1 + -5 + 7) - -5.
8
Evaluate 3 + (0 - ((-6 - -14) + -5 + 0)).
0
Evaluate 9 + (-1 + -7 - (4 - -3 - 14)).
8
Evaluate 34 - (-27 + 10 - -28).
23
What is -3 + -4 - ((8 - 11) + -9)?
5
Calculate 6 - -30 - 2 - (-102 + 97).
39
What is the value of (0 - -1) + 18 + -17 + -20?
-18
What is the value of 4 + -11 + 9 - ((0 - -7) + -4)?
-1
Calculate 13 - (-1 - 2) - (31 + -43 - -24).
4
What is 14 + -22 - (1 + (-2 - (0 - -1)))?
-6
What is the value of 0 + 8 + (-11 + 24 - 8)?
13
What is 1 + -6 + (11 - -1) - 3?
4
What is the value of 411 + -429 + (7 - (-1 + 0))?
-10
Evaluate 12 - (-3 - ((-1 - 1) + 28 + -31)).
10
Evaluate -5 + 28 + 4 + -16 + 2.
13
What is the value of -9 + -4 + 7 + (-3 - -9)?
0
What is the value of 31 + -32 + (-11 - -5 - -1 - -10)?
4
What is -3 - (-8 + 4 + 0 - -7)?
-6
Evaluate -11 + 1 - (-7 - (-21 + 28)).
4
Calculate 0 + 1 - (-226 - -244).
-17
Evaluate 38 - (52 - (-12 + 31)).
5
What is the value of 16 - (3 - -1) - (-77 - -69)?
20
-2 + 3 + (9 + -22 - -10)
-2
What is the value of 6 - (2 - (8 + 8 - 9)) - -4?
15
-7 + -9 + 47 + (-25 - -7)
13
221 + -201 - (-3 - -3)
20
What is the value of -4 - (-8 + 1 + -10 + (-32 - -58))?
-13
Evaluate (576 - 566) + -31 + 2 + 0.
-19
21 + -1 + -34 + 13
-1
What is the value of -4 + (-5 + 10 - 9 - -19)?
11
Evaluate 61 + -57 - (3 - 16).
17
Calculate -5 - 0 - (-209 + 193).
11
What is the value of -432 + 415 - (-17 + -1)?
1
What is 0 + (0 - 0) + -4 - (-20 - -16)?
0
What is -59 - (-24 + (-39 - -35))?
-31
Calculate (-15 - (-7 + 6)) + -1 + 3 + -4.
-16
-8 + (-2 + 1 - -8) - -2 - -3
4
-9 - 0 - (7 + 11 - 23)
-4
What is -37 + 44 + -11 + 4?
0
What is the value of (-75 - -94) + (18 - 20)?
17
What is -21 + (8 - 27 - -40) - (-1 + 8)?
-7
Evaluate (25 - 65) + 80 + -6.
34
Evaluate -548 + 555 + (0 - -9 - (2 - 1)).
15
Evaluate -2 + -1 + 19 + -22.
-6
Calculate (58 + -37 - 31) + (-8 - -1) + -1.
-18
(-12 - 1 - -3 - -2) + 77 + -72
-3
What is (-5 - (-25 - -13)) + 4?
11
Evaluate -4 + (1 - (-2 + (-10 - 4))).
13
Evaluate -3 + 20 + -51 + 42 + 13.
21
19 + (-15 - (-1 - -6 - 7)) + 7
13
Calculate -1 + (8 - (-4 + 7)) + -4 - 11.
-11
-17 + 21 + -25 + 24
3
What is the value of (-13 - (5 + -11)) + (-10 - (17 - 13))?
-21
(2 + (14 - 6) - 7) + -7
-4
Calculate (18 - (6 - -4)) + -10 - (0 + -4).
2
-11 + -84 + 86 + (0 - -10)
1
What is -119 + 114 + -4 + 0 + -1 + 0?
-10
Calculate -3 + 14 + -7 + 4 - (8 - 1).
1
What is the value of 16 - (-17 + 17 - 10 - 0)?
26
Calculate 1 + 12 + (-4 + 7 - 2) + 0.
14
What is the value of 32 + -33 - (-5 + -5)?
9
Calculate -17 + 5 + 4 - 3.
-11
-27 - ((-23 - -6) + 26)
-36
Evaluate -10 + 11 + (1 - (19 - 9)) + -13.
-21
What is 8 + -3 - 35 - -6?
-24
Calculate (4 + 10 - (-57 + 59)) + 8.
20
What is 9 + (-10 - -10 - 2)?
7
(-1 + 5 - 0) + -4 + 77 + -61
16
-8 + (-6 - (1 + 7 + -9))
-13
Evaluate (14 + 19 - 64) + 28.
-3
What is -17 + 8 + -3 + 26 + 2?
16
Evaluate (-1 - (-9 + 5 - -10)) + 2 - -6.
1
What is -2 + 0 + (-9 - -24 - 6)?
7
16 + (-20 - -3) - 16
-17
Calculate (152 - 181) + (3 - -37).
11
Calculate 17 + -2 + 4 + -5 + 2 + 1.
17
What is the value of -2 - (-9 - -15 - 8) - 10?
-10
What is 5 - (-22 + 6 + 13)?
8
What is -43 + 40 + (1 - (-6 - -3))?
1
What is the value of (15 - 27) + 11 + -6 + 16?
9
What is the value of -1 + (21 - (0 - (1 - 12)))?
9
Calculate (0 - (-7 + 12 + -1 - 1)) + -3.
-6
What is the value of (6 - (6 + 0)) + 0 - 21?
-21
What is the value of 3 + (-15 - -20) - (-2 + 8)?
2
What is the value of (-12 - -27 - 26) + -2?
-13
Evaluate -11 + (3 - (-6 + 5 - -3)) + 0.
-10
Evaluate 0 - 9 - (-22 + (-2 - -24)).
-9
-205 - -184 - (-1 + 14) - -13
-21
Calculate 1 - 24 - (-408 - -382).
3
Calculate (13 - 5) + (4 - 21) + 7 + 5.
3
What is -18 + 8 - (14 - 7 - 29)?
12
Evaluate -34 + 58 + -25 + (-12 + -2 - -2).
-13
What is the value of -3 - (-8 - -12) - 0?
-7
What is -6 - (0 - -2 - (31 - 16)) - -7?
14
What is 17 - (3 - (-8 - -1))?
7
6 - 0 - (-15 - (-34 + (25 - 9)))
3
(6 - (1 + 14)) + -4 + (-12 - -20)
-5
What is -1 + 4 - (-3 + 13 + -12 + -11)?
16
What is the value of 30 + (29 - 8) + -27?
24
What is -8 - (1 + 0) - (-17 + -13 + 25)?
-4
What is the value of 32 + -31 + -8 + 5?
-2
-13 - (-3 + -6 + 0 + 3 - -1)
-8
-1 - (1 + -4) - (1 - 34 - -30)
5
Calculate -2 + (4 - (10 + -15)) + -15 - -24.
16
What is the value of (8 - 2) + -1 + 1 + (-31 - -30)?
5
What is 7 - (-5 + (-3 - -9))?
6
8 - 0 - (7 - (8 - 6 - -1))
4
Calculate -5 - (1 + (12 - -4)) - -13.
-9
(-175 - -196 - (-1 - -5)) + 0
17
What is the value of -9 - -13 - 16 - (10 - 0)?
-22
Evaluate (-11 - 25) + 3 - -14.
-19
(-12 + -8 + 32 - 7) + 18
23
15 - (-2 + -13 + 13)
17
Evaluate (-2 - -1) + 8 - (13 + -16).
10
Calculate -10 + (-1 - (-3 + 2) - (-453 - -480)).
-37
What is the value of 22 - (-8 + (12 - -5) - 2)?
15
Calculate -1 + -10 + -7 + -26 + 31.
-13
Evaluate 10 + (-3 - (-7 + 14)).
0
(-49 - 0) + (179 - 154)
-24
Evaluate -5 + -1 - (296 - 295).
-7
Calculate (9 + 2 - 2 - (85 + -71)) + -18.
-23
What is the value of 23 + (-27 + 16 - -6 - 9)?
9
-12 - ((3 - 2) + -4 + 3)
-12
What is the value of (24 - 36